+ 1. Let d be k(-1). What is the highest common divisor of f and d?
9
Let x be (21/(-7))/((-3)/4). Suppose x*r - 56 = -y + 5*y, -y - 74 = -5*r. Let s be 6/9*(-1 + 10). Calculate the greatest common divisor of s and r.
3
Let m(v) = 5*v**2 - 10*v + 12. Let d be m(7). What is the greatest common factor of d and 11?
11
Let m be (3/(-6))/((-2)/40). Calculate the highest common divisor of 70 and m.
10
Let h(b) = 48*b. Let z be h(1). Let j be (28/21)/(2/z). Calculate the highest common factor of 16 and j.
16
Let x = -16 - -19. Suppose 3*l + 72 = g, x*l - 204 = g - 4*g. Calculate the highest common factor of 46 and g.
23
Let z(v) = v**3 - 12*v**2 - 27*v - 9. Let o be z(14). Calculate the greatest common factor of o and 45.
5
Let m(s) be the third derivative of s**4/12 - 2*s**3/3 - s**2. Let w be m(4). Let y be 9/2 + (-2)/4. What is the greatest common divisor of y and w?
4
Let y = -7 - -9. Let v be 3 - y/(-1)*8. Let d(m) = 19*m**3 + m**2 - 2*m + 1. Let z be d(1). Calculate the highest common factor of z and v.
19
Let k = -213 + 358. What is the greatest common divisor of k and 29?
29
Suppose -b = c - 2, -5*b + 10 = 2*c - c. Let x be (-5)/(-2)*(2 + c). Let q = x + 3. Calculate the greatest common divisor of q and 24.
8
Let d = 29 + 11. Suppose 4*w + 4*g + 9 = -3, 3*w - g - 11 = 0. Let a = w + 8. What is the greatest common factor of d and a?
10
Let b(c) = -186*c + 1. Let q be b(-1). Calculate the highest common factor of 17 and q.
17
Suppose -5*j + 4*j = 27. Let r be -1*(j + (-1 - 1)). Suppose -3*s + 4*y = -4*s + r, -2*s = -2*y - 38. Calculate the highest common divisor of 147 and s.
21
Let v(c) = -c**2 - 6*c + 8. Let f be 2 - (6 + 1 + 1). Let n be v(f). Calculate the greatest common factor of n and 88.
8
Let h be (-4)/2 + (-4)/(-2). Suppose -2*a + h*a = -5*f - 17, -5*a + 65 = -5*f. Let r = a + -8. Calculate the highest common factor of 88 and r.
8
Suppose -c + 4 = -4*l + 16, 5*l = 3*c + 22. Suppose -16 = -m + l*y, 67 = 5*m - 2*y - 5. Calculate the greatest common factor of m and 70.
14
Let v = -38 + 53. Suppose 3*x - v = -0*x. What is the greatest common factor of x and 5?
5
Suppose -3*q = 4*b - 81, 0*q - 27 = -q + 5*b. What is the greatest common factor of 216 and q?
27
Suppose -7*w + 118 = 6. Suppose -2*v - 2*v - 5*r = -111, -5*v + 108 = -4*r. Suppose -4*i + v = -i. Calculate the greatest common divisor of i and w.
8
Let b be -3*4/3*(0 - 1). Calculate the highest common divisor of b and 36.
4
Let t = 13 + 42. Let a be (-4)/14 - 142/(-7). Let h = a - 9. What is the greatest common factor of t and h?
11
Suppose 23 = -4*a + 375. What is the highest common divisor of a and 11?
11
Suppose 0 = 3*f - 220 - 152. Suppose z + 47 - f = 0. Suppose 0 = -3*w, -2*w = -5*g - 0*g + 55. What is the highest common divisor of g and z?
11
Let r be -1 - -13 - (3 + -9). Calculate the greatest common divisor of 30 and r.
6
Suppose -4*x = -2*c - 2*x - 60, -2*x = 5*c + 129. Suppose -2 - 4 = -2*w. Let j be -3*w/(c/24). Calculate the greatest common divisor of 1 and j.
1
Let v = -12 - -32. What is the highest common factor of v and 5?
5
Let n be (-4 + 1)*(-6)/9. Suppose -n*y - 56 = -474. Let p = 40 + -21. Calculate the greatest common factor of p and y.
19
Suppose -132 = -i - u, i + 6*u - 3*u = 136. What is the greatest common divisor of i and 10?
10
Let m = -13 - -19. What is the highest common divisor of m and 3?
3
Let w be ((-84)/30)/(2/(-20)). Suppose z = w - 14. Calculate the greatest common factor of 14 and z.
14
Let k(r) = 45*r**3 - r**2 + r. Let f be k(1). Calculate the highest common divisor of f and 15.
15
Let q(d) = -2*d**2 + 12*d - 2. Let m be q(4). Suppose 3*k = 2*k. Let g be -2 - (-6 - -2) - k. What is the highest common factor of g and m?
2
Let p(l) be the first derivative of 2 - 2*l - 1/3*l**3 + 5/2*l**2. Let d be p(2). What is the greatest common divisor of 4 and d?
4
Let t(q) = -4*q - 4. Let l be t(-3). Let y be ((-1)/((-1)/(-1)))/1. Let n be ((-64)/(-10))/(y/(-5)). What is the highest common factor of n and l?
8
Let s be ((-9)/2)/(21/(-28)). Let k be 3/(-2)*(-44)/s. Calculate the highest common factor of k and 11.
11
Suppose 0 = 5*s + 3*d - 28, -s - 4*d = -3*d - 6. Suppose -y = 4*y - 5. Suppose t + 0*t = y. Calculate the highest common divisor of t and s.
1
Suppose 34 = 2*k - 4*b, 2*k + b - 46 = 2*b. What is the greatest common divisor of 10 and k?
5
Suppose -h - 4*t + 0 = -11, -3*h + 1 = -4*t. What is the highest common factor of h and 21?
3
Let q(s) = 8*s - 3 - s**3 - 2 - 22*s - 3 - 12*s**2. Let v be q(-11). Calculate the highest common factor of v and 5.
5
Let x be (-2)/((16/(-22))/4). Calculate the greatest common factor of 121 and x.
11
Suppose -5*u + 791 = 266. Suppose 72 + 0 = k. Let q = u - k. Calculate the highest common factor of q and 3.
3
Let l = 10 - -55. Calculate the highest common divisor of l and 5.
5
Suppose -3*r = 5*m - 19, -4*m + 14 = -2*r + 4*r. Suppose 6*d = 7*d - 6. Calculate the greatest common factor of m and d.
2
Let p(r) = r**2 - 5*r - 5. Let o be p(6). Let v(c) = -3*c**3 + c**2 - 3*c - 3. Let i be v(-1). What is the greatest common factor of o and i?
1
Let h = 20 - 12. Calculate the greatest common factor of h and 2.
2
Let q = 20 - 16. Calculate the greatest common factor of q and 28.
4
Let r = 10 + 6. Suppose -5*m + 2*a + 72 = 26, -r = -m - 3*a. Let g = -16 - -21. What is the highest common factor of m and g?
5
Let i(g) = g**2 - 11*g + 3. Let t be i(10). Let h = t - -12. Let x = 8 - h. Calculate the greatest common factor of 6 and x.
3
Suppose 7 - 1 = 3*s. Suppose s*h - 3 = 1. Let b be (1 - h) + -1 + 3. Calculate the highest common factor of 6 and b.
1
Suppose 4*d - 8*d + 4*y = -88, 0 = 5*d - y - 106. Suppose 0 = -3*m - 0*m + d. Calculate the highest common divisor of 56 and m.
7
Let k be (-660)/40*(-8)/6. Calculate the highest common divisor of 2 and k.
2
Let n be 2 - -1*(22 + 1). Calculate the greatest common factor of n and 5.
5
Suppose 3*i = 14 + 4. Let l(m) = 4*m - 9. Let d be l(i). Calculate the highest common factor of d and 6.
3
Let p be 105/10*(-16)/(-6). What is the highest common divisor of 308 and p?
28
Suppose -5*s - 20 = -7*k + 4*k, k + s = 12. Calculate the highest common divisor of 10 and k.
10
Suppose 4*i - 3*i - 5*w = 120, -2*i - w + 284 = 0. Let d(a) = a**3 + 6*a**2 + 5*a + 2. Let y be d(-4). Calculate the highest common divisor of i and y.
14
Let l(r) = r**3 - 10*r**2 - 7*r - 9. Let v be l(11). Let j = 2 + 3. What is the greatest common factor of v and j?
5
Let f(l) = 18*l**2 - 2*l - 2. Let j be f(-4). Suppose j = 3*m - 0*m. What is the highest common divisor of 14 and m?
14
Let z be (-40)/(-24) + (-4)/6. Let c be 2 - 1*(-61)/z. What is the greatest common factor of 7 and c?
7
Let w(f) = 3*f**2 + 5*f + 6. Let x be w(-4). Calculate the highest common divisor of 51 and x.
17
Suppose -4*b - 20 = -6*b. What is the highest common factor of b and 100?
10
Suppose -7*r + 9*r + 2 = 0. Let w(f) = -14*f - 1. Let m be w(r). Calculate the highest common divisor of 39 and m.
13
Suppose -c - 3*m = 7, 0 = -2*c - 2*c + 3*m + 47. What is the greatest common divisor of c and 1?
1
Let h(n) = n - 2. Let k be h(0). Suppose v = -3*v + 8. Let g be -9*(k - (-3 + v)). Calculate the highest common factor of 1 and g.
1
Let v be (-13)/(-3) - (-4)/(-12). Suppose -z = u - v - 11, 4*u + 5*z - 55 = 0. Suppose 0*n = -n + u. Calculate the highest common divisor of 50 and n.
10
Suppose 0 = 9*y - 11*y + 96. What is the greatest common factor of y and 72?
24
Let c be (-24)/8*4/(-4). What is the greatest common factor of 15 and c?
3
Let v(n) = -n**3 + 3*n**2 + 3*n + 9. Let d be v(4). Calculate the greatest common factor of d and 5.
5
Let h be ((-1)/(-2))/(2/32). Let n(c) = -2*c**3 - 5*c**2 + 24*c + 59. Let w be n(-5). What is the greatest common divisor of w and h?
8
Let k be (0 + 1)*(-63)/(-9). What is the greatest common divisor of 28 and k?
7
Suppose 3*c = c + 4. Let n be (1 - (2 - c))*4. Let g be (1*(-6)/3)/(-1). Calculate the greatest common factor of n and g.
2
Let y be -14 + 9 + 0 + 65. Calculate the highest common factor of y and 40.
20
Let p be (15/(-6) - -1)*28/(-21). What is the highest common factor of p and 34?
2
Suppose 3*n + n = 8. What is the greatest common divisor of 16 and n?
2
Let g = -13 + 24. What is the greatest common d